{"id":41,"date":"2021-01-18T20:16:02","date_gmt":"2021-01-18T20:16:02","guid":{"rendered":"https:\/\/cvdorados.org\/?page_id=41"},"modified":"2021-09-20T22:41:47","modified_gmt":"2021-09-20T22:41:47","slug":"mision-y-vision","status":"publish","type":"page","link":"https:\/\/cvdorados.org\/index.php\/acerca-de-nosotros\/mision-y-vision\/","title":{"rendered":"Misi\u00f3n y Visi\u00f3n"},"content":{"rendered":"<p>[vc_row][vc_column]<div class=\"dt-fancy-separator h3-size accent-border-color\" style=\"width: 100%;\"><div class=\"dt-fancy-title bg-on\"><span class=\"separator-holder separator-left\"><\/span>Misi\u00f3n<span class=\"separator-holder separator-right\"><\/span><\/div><\/div>[vc_empty_space][vc_column_text][\/vc_column_text][vc_column_text]<br \/>\nComo ASOCIACION CENTRO VIDA A\u00d1OS DORADOS nuestra misi\u00f3n consiste en brindar servicios de asistencia social con calidez humana a personas de la tercera edad en condiciones de vulnerabilidad social como es el caso de selectos en abandono o de desamparo total o parcial; provey\u00e9ndoles los medios y atenci\u00f3n necesarios, traducidos en alimentaci\u00f3n, atenci\u00f3n m\u00e9dica primaria, terapias f\u00edsicas y rehabilitaci\u00f3n, actividades recreativas, culturales, apoyo manualidades, psicol\u00f3gico, entre otros; que les permita satisfacer sus necesidades primordiales y vivir con calidad esta etapa de la vida.<br \/>\n[\/vc_column_text][vc_empty_space]<div class=\"dt-fancy-separator h3-size accent-border-color\" style=\"width: 100%;\"><div class=\"dt-fancy-title bg-on\"><span class=\"separator-holder separator-left\"><\/span>Visi\u00f3n<span class=\"separator-holder separator-right\"><\/span><\/div><\/div>[vc_empty_space][vc_column_text]Nuestra Visi\u00f3n a futuro es contar con una instituci\u00f3n s\u00f3lida en sus recursos humanos y capacidades internas lo cual indica en proporcionar un servicio de atenci\u00f3n de calidad a trav\u00e9s de mejores programas y actividades integrales que coadyuven a satisfacer de manera efectiva las diversas necesidades que presentan las personas de la tercera edad en los aspectos f\u00edsico y emocional a fin de brindarles mejores y mayores condiciones de bienestar de vida; fomentando al mismo tiempo una cultura de afecto, ayuda, respeto y cuidado a favor de los adultos mayores; coordinando adecuadamente nuestras acciones con otras instancias gubernamentales y actos sociales.[\/vc_column_text][\/vc_column][\/vc_row]<\/p>\n","protected":false},"excerpt":{"rendered":"<p>[vc_row][vc_column][vc_empty_space][vc_column_text][\/vc_column_text][vc_column_text] Como ASOCIACION CENTRO VIDA A\u00d1OS DORADOS nuestra misi\u00f3n consiste en brindar servicios de asistencia social con calidez humana a personas de la tercera edad en condiciones de vulnerabilidad social como es el caso de selectos en abandono o de desamparo total o parcial; provey\u00e9ndoles los medios y atenci\u00f3n necesarios, traducidos en alimentaci\u00f3n, atenci\u00f3n m\u00e9dica&hellip;<\/p>\n","protected":false},"author":1,"featured_media":0,"parent":32,"menu_order":0,"comment_status":"closed","ping_status":"closed","template":"","meta":[],"class_list":["post-41","page","type-page","status-publish","hentry","description-off"],"_links":{"self":[{"href":"https:\/\/cvdorados.org\/index.php\/wp-json\/wp\/v2\/pages\/41","targetHints":{"allow":["GET"]}}],"collection":[{"href":"https:\/\/cvdorados.org\/index.php\/wp-json\/wp\/v2\/pages"}],"about":[{"href":"https:\/\/cvdorados.org\/index.php\/wp-json\/wp\/v2\/types\/page"}],"author":[{"embeddable":true,"href":"https:\/\/cvdorados.org\/index.php\/wp-json\/wp\/v2\/users\/1"}],"replies":[{"embeddable":true,"href":"https:\/\/cvdorados.org\/index.php\/wp-json\/wp\/v2\/comments?post=41"}],"version-history":[{"count":15,"href":"https:\/\/cvdorados.org\/index.php\/wp-json\/wp\/v2\/pages\/41\/revisions"}],"predecessor-version":[{"id":123,"href":"https:\/\/cvdorados.org\/index.php\/wp-json\/wp\/v2\/pages\/41\/revisions\/123"}],"up":[{"embeddable":true,"href":"https:\/\/cvdorados.org\/index.php\/wp-json\/wp\/v2\/pages\/32"}],"wp:attachment":[{"href":"https:\/\/cvdorados.org\/index.php\/wp-json\/wp\/v2\/media?parent=41"}],"curies":[{"name":"wp","href":"https:\/\/api.w.org\/{rel}","templated":true}]}}